**2 - 6*v + 3. Give r(u).
-6
Suppose 2*n + 3*n - 5 = 0. Let p = n + -2. Let r(m) = -m**2 - 1. Let f(s) = -3*s**2 + 2*s - 1. Let j(h) = p*f(h) + 2*r(h). Calculate j(4).
7
Let u(n) be the first derivative of -6*n + 4*n**2 + 1/4*n**4 + 3 - 3*n**3. Let j be u(8). Let l(h) = h**2 + 6*h - 7. What is l(j)?
-7
Let c(m) = 2*m**2 - 2*m**2 - 7*m + 27 - 25 + m**2. What is c(3)?
-10
Let a = 93 - 94. Let z(x) = 7*x**2 - x. What is z(a)?
8
Let r(c) = c + 2. Let j(b) = 3*b + 7. Let w(y) = -4*j(y) + 11*r(y). Let m(u) = 2*u + 12. Let k(t) = -6*m(t) - 11*w(t). Give k(0).
-6
Let h(t) = 3*t + t - 5*t + 0*t - 16. Determine h(0).
-16
Let c(a) be the second derivative of -a**5/20 - a**4/12 + a**3/6 + 3*a**2/2 - a. Let n(o) = o - 2. Let j be n(2). Determine c(j).
3
Suppose -7*u + 6 + 8 = 0. Let g(m) be the second derivative of 1/2*m**3 + u*m + 0 - 2*m**2. What is g(4)?
8
Suppose 15 = 4*o + o. Suppose -o*m + 0*m = -9. Let f(t) be the first derivative of 2*t**3/3 - 5*t**2/2 + 2*t - 2. Determine f(m).
5
Let d(c) = c - 3*c + 13*c**2 - 11*c**2 + 5*c. Give d(-2).
2
Let y(k) = -k**2 + k. Let m be y(0). Suppose m = 3*i + 8 + 10. Let u(h) = h + 4. Give u(i).
-2
Suppose -5*h + 7 = 3*t, -5*t + 4*h - 14 = -38. Let o(y) be the third derivative of 1/12*y**t + 1/60*y**5 + 0*y**3 + y**2 + 0 + 0*y. Calculate o(2).
8
Let u(a) = 2*a - 8. Let c be u(8). Let p = c + -14. Let k(f) = f**2 + 8*f + 3. Give k(p).
-9
Let s(b) = -b**3 - b**2 - b + 1. Let z(c) = 3*c**3 + 6*c**2 + 4*c - 4. Suppose 8 = 3*f - 4. Let t(h) = f*s(h) + z(h). What is t(2)?
0
Suppose 0 = -3*i + 5*i - 4. Suppose 0*m = -i*m + 4. Let w(d) = -d**3 + d**2 + 3*d - 2. Calculate w(m).
0
Let n(t) be the first derivative of t**4/4 - t**3 - 3*t - 5. Give n(3).
-3
Let u(o) = -o**2 + 0*o**2 - 6*o - 4 + 2*o**2. Give u(7).
3
Let y(v) = v**2 - 2*v. Let x(j) = -5*j**2 + 12*j - 1. Let s(c) = -x(c) - 6*y(c). Determine s(1).
0
Let t(h) = h**2 + 3. Let f(b) = 2*b**2 - 9. Let g(c) = -3*c**2 + 18. Let l(x) = -11*f(x) - 6*g(x). Let k(s) = -2*l(s) - 7*t(s). Give k(0).
-3
Let a(b) = -b**2 + 4*b. Let s(f) be the third derivative of f**4/8 + 2*f**2. Let t be s(-1). Let q = 0 - t. Calculate a(q).
3
Suppose -2*p - p = -6. Suppose 2*u + 4 - 2 = s, s - p = u. Let t(m) = -s - 5*m**3 + 1 - m + 3*m. Give t(1).
-4
Suppose -3*l + 4*k + 33 = 12, k = -l. Let g(q) be the first derivative of -l*q**2 - 2*q - 1/4*q**4 - 3 + 7/3*q**3. Calculate g(6).
-2
Let l(f) = f**2 - 7*f - 2. Suppose 19 = 5*y + 5*n - 1, -2*y = n - 9. Determine l(y).
-12
Let o(j) = -j**3 - 3*j**2 + 4*j + 1. Suppose -3*a = 16 + 2. Let z be (-4)/18*a*3. Suppose 3*f + z + 8 = 0. Give o(f).
1
Suppose -5*j + 13 - 3 = 0. Suppose j*o + 2 = o. Let u(s) = -s - 1 + 0*s + s**3 - 1. Give u(o).
-8
Let u be 3 + 0 + (2 - 0). Suppose u*t + 5*a = -5 + 55, -5*a + 25 = 0. Suppose -9 = t*o - 4. Let h(d) = 4*d**3 - 2*d**2 - 2*d - 1. Calculate h(o).
-5
Let x(g) = -g**2 + 4*g - 1. Let c be x(3). Let n(a) = 1 + 3*a - a**c - 3*a. What is n(-1)?
0
Let s(z) = -z**3 - 3*z**2 - 3*z - 2. Suppose 11*v - 6*v = -10. What is s(v)?
0
Let h(k) = 2*k + 2. Suppose 0 = -0*a - 5*a. Suppose 13 - 1 = -4*x - 4*d, a = -3*d + 6. What is h(x)?
-8
Let l(p) = p + 3. Let f be l(-7). Let b(t) = 2*t**2 + 5*t + 3. Calculate b(f).
15
Let g(a) be the first derivative of -2*a**3/3 - 3*a**2/2 + 12. Let h(w) = -w**3 - 5*w**2 - 3. Let d be h(-5). Determine g(d).
-9
Let y(x) = x + 10. Let o = 15 - 10. Suppose 20 + 15 = -o*l. Calculate y(l).
3
Let b(u) = u + 7*u - 13 - u**2 + u + 10. Give b(4).
17
Let x(j) = j**2. Let f(h) be the first derivative of 3*h + 1/2*h**2 + 1/4*h**4 + 1/3*h**3 + 3. Let n(p) = f(p) - 4*x(p). Calculate n(3).
6
Let r(c) be the third derivative of 1/3*c**3 - 1/24*c**4 + 0 - 2*c**2 + 0*c. Give r(3).
-1
Let q(z) = z**3 - 4*z**2 + 5*z - 6. Let t be q(3). Let j(a) = a**3 - a**2 + a + 5. What is j(t)?
5
Let d(v) = -10*v + 13. Let y(r) = -7*r + 9. Let k = 9 + -16. Let i(t) = k*y(t) + 5*d(t). Determine i(0).
2
Let y(q) = -6*q**2 - q + 8. Let z(u) = -5*u**2 + 7. Let v(a) = 4*y(a) - 5*z(a). Calculate v(5).
2
Let b(p) = -p + 10. Let h be b(0). Let y = h - 15. Let l = 1 + y. Let f(i) = -2*i - 4. Give f(l).
4
Let a(y) = y + 13. Let v be a(9). Suppose -s + v = -5*s - m, 2*s + 3*m = -16. Let t(w) = w**2 + 7*w + 6. Determine t(s).
-4
Let r(l) = l**3 + l**2 - 5*l - 4. Let h = 11 + -17. Let s = 0 - -3. Let p = h + s. Calculate r(p).
-7
Let h(s) = 1 - s - s + s. Let a(f) = f - 4. Suppose 1 = 2*d - 5. Let l(w) = d*h(w) + a(w). Calculate l(2).
-5
Let w(c) = c - 8. Let n be 8 + ((-4)/1 - -2). What is w(n)?
-2
Let z = 1 - 1. Let b(k) = 0*k + k - 1 + 0. Calculate b(z).
-1
Let r(z) = -2 + 14*z**2 + 4*z - 23*z**2 + 10*z**2. Give r(-3).
-5
Let q = 26 - 22. Let d be 7/(-14) - (-2)/q. Let a(i) = i**2 + 1. Determine a(d).
1
Let j(l) be the first derivative of l**7/840 + l**6/72 + l**5/40 + l**4/12 + l**3/3 - 2. Let t(n) be the third derivative of j(n). Calculate t(-3).
11
Let u(b) = -2*b**2 - 3*b - 3 + b + 3*b**2 - b. Give u(-2).
7
Let s(u) = u - 3. Let j(t) = 5*t - 1. Let p be j(1). Give s(p).
1
Suppose 0 = 5*h - 2*c - 4 - 2, -3*h + 12 = -4*c. Suppose h*i + i + 5*o = -7, 0 = o + 2. Let l(w) = -2*w**3 + w**i + 3 + w**2 - 3 - 1. What is l(0)?
-1
Let v(n) = n**2 + 5*n - 7. Suppose -24*f = -20*f - 60. Suppose -f = -3*o + 6*o. Calculate v(o).
-7
Let f(g) = -2*g + 23. Let j(o) = -o + 11. Let b(d) = -3*f(d) + 7*j(d). Give b(5).
3
Let u(c) be the first derivative of 3*c - 8 + c**3 + 1/4*c**4 - 5/2*c**2. Determine u(-4).
7
Let s be 2/10 + 24/30. Let f(o) = 5*o**2 + 3*o - 2. Let j be f(s). Let v(d) = -d**3 + 5*d**2 + 6*d + 2. Calculate v(j).
2
Let g(j) be the second derivative of 0*j**2 - 1/6*j**4 + 0 - 1/6*j**3 + 1/60*j**5 - 2*j. Let y(q) be the second derivative of g(q). Calculate y(5).
6
Let s be (-12)/(-28) + 9/(-21). Let m(k) = k**3 + k - 6. What is m(s)?
-6
Let g(w) = -w**2 + 3*w - 3. Let u(v) = -v**2 + 4*v - 1. Let x(t) = -3*g(t) + 4*u(t). Determine x(5).
15
Let v be ((-30)/(-25))/((-6)/(-20)). Suppose v*m + o - 16 = 0, 2*m - 2*o + 0 = -2. Let g(t) = 2*t - 3. Determine g(m).
3
Let i(v) = -4*v - 254 + 0*v + 260. Determine i(4).
-10
Suppose 4*b - 3*i = -i - 10, -3*i + 15 = 0. Suppose b*n - 5*n = 15. Let h = 1 - n. Let z(l) = -l**3 + 5*l**2 - 4*l + 2. Calculate z(h).
2
Suppose -4*v = -9 + 1. Let s be 2/2*(1 + v). Let t(i) = 2*i - 4*i + 3*i. Calculate t(s).
3
Let g = 1 + 3. Let n(i) = -i + 10*i - g*i. What is n(2)?
10
Suppose 2*t + 3*t = 50. Let v(n) = n**3 - 9*n**2 - 9*n - 5. Give v(t).
5
Let a(n) = -n**3 + 8*n**2 + 10*n - 16. Let q be a(9). Let r(z) = -z**2 - 9*z - 8. Calculate r(q).
6
Let y(v) = 3*v**2 - v**2 - 1 + 2*v - 1. Calculate y(-3).
10
Suppose -5*w = 3*t - 8, 5*w + 0*w - 4 = -4*t. Suppose w*s - 10 - 2 = 0. Let d = s + -8. Let a(n) = n**2 + 6*n - 2. Determine a(d).
-7
Let l(c) = 2*c**2 - 7*c - 2. Let x(n) = -n**2 + 16*n - 34. Let p be x(13). Give l(p).
13
Let q(o) = o + 10. Suppose -3*w = 15, -2*v - w - 1 = -2*w. Let h be v/(6/(-8)) - -2. Let m be (-2)/h + 6/18. Calculate q(m).
10
Let p = 5 + -1. Let b(f) = -f**2 - 8*f - 9. Let d be b(-6). Let r(l) = p*l - d*l + 3 - 4. Determine r(-6).
-7
Let q(k) = k**2 - 1. Let s(h) = -h**2 + 5*h + 4. Let b(r) = 2*q(r) + s(r). What is b(-3)?
-4
Let g(i) = -3*i. Let r(x) = -x**2 - 6*x + 2. Let n be r(-6). Suppose 5*a + n*l + 0 - 2 = 0, 0 = 4*a - l - 12. Determine g(a).
-6
Let c(p) = -p**2 + 2*p - 2. Suppose -d + 4*d = 18. Suppose 2*r = 4*r - d. Calculate c(r).
-5
Let q be ((-3)/(-5))/((-2)/10). Let i(l) = -2*l**2 - 5*l - 2. Give i(q).
-5
Let i(o) = -2*o + 3. Let l(x) = 11*x + 15. Let c be l(-2). Determine i(c).
17
Suppose -7*t = -2*t - 4*v - 15, -2*t = -4*v - 6. Let d(w) = -w**2 + t*w**2 - w**3 - 5*w + 5*w**2 - 2 - 6. Let u be d(6). Let p(f) = 2*f + 2. Calculate p(u).
-2
Let o(n) = 4*n**3 + 4*n - 4. Let a(i) = -7*i**3 - 7*i + 8. Let r(b) = 3*a(b) + 5*o(b). Let s be 2/4 + 3/(-18)*3. Determine r(s).
4
Suppose 4*t = 26 - 2. Let p(b) = 3*b**3 - t*b + 4*b - 4*b**3 - 2*b**2 - 6 - 4*b**2. Calculate p(-6).
6
Let g(c) = -2*c**3 - 4*c**2 + c + 3. Let j(h) = 5*h**3 + 11*h**2 - 3*h - 8. Suppose 4 + 0 = -s. Let d(b) = s*j(b) - 11*g(b). Give d(1).
2
Let n(j) = -2*j + 2. Let w = -2 - -8. Calculate n(w).
-10
Suppose 4*g + 6*b - 92 = b, 0 = g - 2*b - 36. Suppose -g = -0*f - 4*f. Suppose f*t = 3*t + 20. Let k(o) = o**2 - 7*o + 2. Calcu